426*d. Let c = -7 + 8. Calculate the remainder when 5 is divided by z(c).
2
Suppose 4*t - 118 = -58. Calculate the remainder when 39 is divided by t.
9
Let s(d) = -d**3 - 9*d**2 - 2*d - 13. Let o be s(-9). Suppose o*m = 2 + 8. Calculate the remainder when 52 is divided by (7 + -4)/(m/12).
16
Let m be ((-6)/(-5))/((-6)/(-20)). Suppose m*h = -12, -4*s = -2*s - 2*h - 42. What is the remainder when (26/4)/(245/40 + -6) is divided by s?
16
Suppose 0 = 5*m - 3*w - 176, 3*m - 45 = -5*w + 81. Calculate the remainder when 76 is divided by m.
2
Calculate the remainder when -2 - (-1 + -2) - -53 is divided by 42/4 - (-8)/16.
10
Suppose 4*i - 296 + 92 = 0. Let y = 72 - i. Calculate the remainder when y is divided by 19.
2
Let k(i) = 7*i + 15. Calculate the remainder when k(11) is divided by 14.
8
Suppose -i - 70 = -5*t + 4*i, 0 = -2*t + 4*i + 26. Suppose 63 = t*f - 12*f. What is the remainder when -1 - 1*-1*41 is divided by f?
19
Let t be (-3)/15*(5 - 2)*-45. Let y = t - 7. What is the remainder when y is divided by 8?
4
Let h(g) = 2*g**2 + 10*g + 1. Suppose 4*d + 6 = 2. Let j be (-4 - -1 - d) + -7. What is the remainder when h(j) is divided by 19?
16
Suppose 5*o - 5 = 0, -5*i - o + 3*o - 52 = 0. Suppose 3*s = -2*f + 5*f - 63, -2*f = 5*s - 14. Let b = i + f. Calculate the remainder when b is divided by 5.
2
What is the remainder when 150 is divided by 1/10 - 8624/(-160)?
42
Let x(q) = 5 + q + 3 + 3. Let i(b) = -b**3 + 2*b**2 - 2*b + 63. What is the remainder when i(0) is divided by x(5)?
15
Suppose -16 = -2*j + 2*p, 58 = 3*j + 2*j + 4*p. Let y = 418 + -387. Calculate the remainder when y is divided by j.
1
Let v(o) = -9*o + 90. Calculate the remainder when 27 is divided by v(9).
0
Suppose 46 = 4*i + 5*x, 4*i + 4*x - 6 - 42 = 0. What is the remainder when 4/(2/11 - 81/990) is divided by i?
12
Let m(q) be the third derivative of q**5/60 + q**4/12 - 2*q**3/3 - 49*q**2 - q. Let n be (-2)/(-2*2/(-14)). What is the remainder when m(n) is divided by 17?
14
Suppose -3*j + 7 = -8. Suppose -15*k + 280 = j*k. What is the remainder when 64 is divided by k?
8
Suppose -4*b + 60 = b. Suppose -10*f - 34 = -b*f. What is the remainder when 32 is divided by f?
15
Suppose 17*j - 15*j - 1610 = -3*u, -5*u = 5*j - 2685. What is the remainder when u is divided by 45?
41
Suppose 2*t - 6 - 6 = 0. Suppose 3*h - 5 = 4. Calculate the remainder when t is divided by h.
0
Let m be (-3 + (-15)/(-6))*0. Suppose m = 3*x + 9 + 24. Let c = x - -13. What is the remainder when 2 is divided by c?
0
Let w(y) = 39*y - 834. What is the remainder when w(30) is divided by 34?
30
Suppose 5*i - q - 296 = 0, -4 = -q - 5. Suppose -23*j + 462 = 7*j - 138. What is the remainder when i is divided by j?
19
Suppose -13*v + 40 = -9*v. Let l(o) = -3*o + 56. Calculate the remainder when l(v) is divided by 5.
1
Suppose -3*o + 4*t + 40 = 0, -t - 37 = -45*o + 42*o. What is the remainder when 791 is divided by o?
11
Let l(z) be the second derivative of 4*z**3/3 - 3*z**2/2 - 12*z. Calculate the remainder when l(2) is divided by 2/((3/2)/3).
1
Let y(m) = -m**3 - 4*m**2 - 5*m. Let w be y(-4). Let x = 58 - w. Suppose 2*j = 6*r - 2*r + 96, 3*r - x = -j. Calculate the remainder when j is divided by 15.
14
Let o = -135 + 132. Calculate the remainder when 136 is divided by -5*(-8)/(-2 + 4) - o.
21
Suppose 0 = -80*a - 7 + 1367. What is the remainder when 129 is divided by a?
10
Let v(c) = -12*c + 18. What is the remainder when v(-5) is divided by 27?
24
Let s be (-156)/27 - 2/9. Let y be -14*-12*(-6)/28. Calculate the remainder when 15 is divided by (81/y)/(s/16).
3
Let y(j) = j**3 + 10*j**2 + 3. Let t be y(-10). Suppose k = -4*h + 36, -3 + 30 = t*h - 5*k. Let x(q) = -34*q. What is the remainder when x(-1) is divided by h?
7
Let v be (-6)/21 - 30/(-7). Suppose 24 = 5*l - v*q + 10, 5 = 5*l + 5*q. Calculate the remainder when 3 is divided by l.
1
Suppose 4*p - 317 = -5*v, -5*v - 2*p + 0*p = -321. Let i = -31 + v. Calculate the remainder when 134 is divided by i.
32
Suppose 6*r - r - 3*n = 123, -3*r + n = -73. What is the remainder when 139 is divided by r?
19
Suppose -568 = 2252*j - 2260*j. Calculate the remainder when 142 is divided by j.
0
Suppose 0 = 4*d + o - 76, 12*d = 7*d + 3*o + 95. Suppose -p + 5*g - 96 = -4*p, 49 = p - 4*g. Let y = p - d. Calculate the remainder when y is divided by 4.
2
Calculate the remainder when 224 is divided by 5 - 3/(18/(-120)*2).
14
Let b = 148 - 95. What is the remainder when 316 is divided by b?
51
Let p = 66 - 61. Suppose 0*f + f + 4*c + 5 = 0, p*c + 1 = -2*f. Calculate the remainder when f is divided by 6.
1
Suppose 5*v + 0 - 30 = 0. Let s = 1 - -1. Suppose 0 = s*i - 24 + 4. Calculate the remainder when i is divided by v.
4
Calculate the remainder when (-1708)/(-7) + -4 - -1 is divided by 49.
45
Suppose -g - 3*a = -38, 2*g = g - 4*a + 42. Calculate the remainder when g is divided by 15.
11
Suppose -17*i + 358 + 458 = 0. Calculate the remainder when 186 is divided by i.
42
Let r be ((-24)/(-20))/(6/(-40)). Let s(w) = -9*w - 26. Let f(o) = -3*o - 9. Let m(p) = r*f(p) + 3*s(p). What is the remainder when 39 is divided by m(-9)?
18
Let u be 153/81 - 8/(-72). Let h = 7 + 4. Let x = u + h. What is the remainder when x is divided by 5?
3
Let b(c) = c**3 - 10*c**2 + 3*c - 2. Let p be b(11). Let s = 15 - -64. Suppose -p = -3*k + s. Calculate the remainder when k is divided by 16.
13
Let k be 3 + -6 + 7 + 336/2. What is the remainder when 41 is divided by 1 + 57/4 + (-43)/k?
11
Suppose 3 = 4*g + 7, -2*c - 3*g = -61. Let f = -84 - -179. Calculate the remainder when f is divided by c.
31
Suppose 0 = 2*m + 5*s - 20 - 13, 4*m - 11 = s. Suppose -4*d - 6 = -i + 3, 0 = m*d - 8. Calculate the remainder when 33 is divided by i.
16
Let y = 69 - 63. Let l(c) = -3*c + 7. Let z be l(7). Let s = z - -23. What is the remainder when s is divided by y?
3
Suppose -5*l + 2*l = 3*n - 189, 0 = 2*n - l - 117. Calculate the remainder when n is divided by (-2 - 27/6)/((-3)/6).
8
Let x be 18/90 + (-799)/(-5). Suppose -8*r = x - 544. Calculate the remainder when 95 is divided by r.
47
Calculate the remainder when -1 + 23/(92/168) is divided by 41/3 + (-2)/(-6).
13
Let g = 35 + -25. Suppose 14*m - 19*m = -g. Let l(z) = -z**2 - 13*z + 4. What is the remainder when l(-13) is divided by m?
0
Suppose 9*a - 12*a = 0. Calculate the remainder when 51 is divided by (a - 45)*(-8)/20.
15
Let f(z) = z**3 + 13*z**2 + 13*z + 15. Let m be f(-12). Calculate the remainder when 34/m + (-4)/12 is divided by 3.
2
Let z(t) = 4*t + 5. Let p be z(-5). Let m = p + 45. Let a = -8 + m. Calculate the remainder when 65 is divided by a.
21
Let c = 20 + 82. What is the remainder when 711 is divided by c?
99
Suppose 4*z - 2*w = 42, 4*z - z - 2*w - 34 = 0. Let s(y) = 13*y - 14. What is the remainder when s(z) is divided by ((-92)/(-12))/((-1)/(-3))?
21
Suppose -3*h + 394 = 2*d - 0*d, 3*d = 4*h + 574. What is the remainder when d is divided by 11?
7
Suppose 0 = -4*k + l - 0*l + 77, 28 = k - 2*l. Let z be 180/(-24)*3*-2. Let h = z + 7. What is the remainder when h is divided by k?
16
Suppose 4*j = 58 + 18. What is the remainder when 44 is divided by j?
6
Calculate the remainder when 52 is divided by 5/((-40)/(-176)) - -6.
24
Let b = -240 - -332. What is the remainder when b is divided by 33?
26
What is the remainder when 580 is divided by (-8)/(-1) - 180/(-4)?
50
Let k = -58 - -88. Let w = -1 - -59. Calculate the remainder when w is divided by k.
28
Suppose 0 = 2*p - 10, x = -2*p - 2*p + 66. Suppose 0 = -2*l - 2*y + x, -5*y = -l - 15 + 56. Calculate the remainder when 155 is divided by l.
25
Let u = -456 + 470. What is the remainder when 230 is divided by u?
6
Let p(y) = -y**2 + 4*y - 4. Let m be p(3). Let i be -4*(-4 + 6 + m). What is the remainder when 60 is divided by 4 - (-6)/i*-18?
29
Let d be 11/(-3)*(-6)/2. Suppose 2*s - d = 37. Suppose -3*p + s - 6 = 0. Calculate the remainder when 11 is divided by p.
5
Let v = 33 + -33. Suppose 5*q - 5*k - 250 = 0, v = 4*k + 16 + 4. Calculate the remainder when 179 is divided by q.
44
Let x = 324 + -243. Calculate the remainder when 484 is divided by x.
79
Suppose 4*n = l + 1225 + 451, -2*n + 838 = 5*l. What is the remainder when n is divided by 21?
20
Let g(c) = c - 6. Let f = 0 - -4. Suppose -3*n + 15 = t, 0*